ppose -5*r = -5*m + 60, 2*m - 6*r + r - 15 = s. What are the prime factors of m?
3, 5
Let p = 132166 - 74523. What are the prime factors of p?
59, 977
Let q(v) = -2*v**3 - 17*v**2 + 9*v + 2. Let h be q(-9). What are the prime factors of 1/(-8)*0 + 127 + h?
3, 43
Suppose 0 = 4*p + 32 - 44. Suppose -3*a - p = -m + 2*m, -3*m - 5 = 5*a. Suppose -2*n + 5*n - 585 = m. What are the prime factors of n?
3, 5, 13
Let f(w) = w**2 - w. Let h(x) = 7*x**2 - 14*x - 27. Let z(t) = -6*f(t) + h(t). List the prime factors of z(12).
3, 7
Suppose -33*c + 761678 + 113376 = 7484. List the prime factors of c.
2, 5, 11, 239
Let t be (33 - -2)*-1 - 1. Let u = t + 72. Let v = 42 - u. List the prime factors of v.
2, 3
Let b = -4276 + 8613. List the prime factors of b.
4337
Suppose 51*k - 42*k = 63. List the prime factors of (-7378)/k*((-6)/(-3))/(-4).
17, 31
Let j be 2*(-17)/(-2) + 3. Suppose -2*d - j = -12*d. Suppose 0 = 4*q + 4*u - 604, d*q = 2*u - 5*u + 297. What are the prime factors of q?
2, 3, 13
Suppose y + 0*r + 8 = 5*r, -y - 2*r = -13. Suppose -2*b + 3 + y = 0, -24 = -2*i - 2*b. Suppose -i*x + 1327 = 508. List the prime factors of x.
3, 13
Suppose 2*w - 304 = -3*d - 3*w, -2*d + 3*w + 190 = 0. Suppose -2*f + d + 234 = 0. List the prime factors of f.
2, 83
Let q(u) = u**3 - u**2 + 19*u + 8. Let n(g) = g**3 + 2*g**2 - 5*g - 2. Let h be n(2). List the prime factors of q(h).
2, 3, 11
Let a(s) = 186*s**3 + 5*s**2 + 278*s - 1144. What are the prime factors of a(4)?
2, 3, 83
Suppose -3*a + 3*b + 27325 = 8176, -b = -4*a + 25538. Suppose -16*n + 11*n = 2*g - 2525, 5*g - 2*n - a = 0. List the prime factors of g.
3, 5, 17
Suppose 22*v - 244901 = -45*v + 509184. List the prime factors of v.
5, 2251
Let l = 61907 + 3582. List the prime factors of l.
43, 1523
Let k(f) = 3 - 5 - 6 - 3*f + 4*f. Let m be k(0). Let z(h) = -h + 16. What are the prime factors of z(m)?
2, 3
Let y be ((-4237)/9 - 12) + (-2)/9. Let r = 690 + y. List the prime factors of r.
3, 23
Let w(g) be the second derivative of -4*g**3 - 269*g**2/2 + 357*g. What are the prime factors of w(-41)?
5, 11, 13
Suppose 117514 = 23*l - 20486. What are the prime factors of l?
2, 3, 5
Suppose -4*l - 4*y + 3*y = -16, l = 4*y + 4. List the prime factors of -24*l/(-60)*5.
2
Let u = -710 + 2100. Suppose 3*o + u = a, -12*o + 9*o - 9 = 0. What are the prime factors of a?
1381
Let w(j) = -5*j**2 - 87*j + 6. Let g(n) = n + 1. Let v(r) = -5*g(r) - w(r). List the prime factors of v(-23).
2, 11, 17
Let t be 2460/(-21) + (2/14)/1. Let u = t - -492. List the prime factors of u.
3, 5
Suppose -2*q + 46780 - 7391 = x, -5*q - 4*x + 98465 = 0. What are the prime factors of q?
19697
Suppose 5*p = 2*h + 199 - 809, 0 = 5*h + 4*p - 1459. Let i = -208 + h. List the prime factors of i.
3, 29
Let i be ((-1)/((-12)/(-8)))/(1/(-69)). Let y be i/15*129 + (-4)/(-10). Let d = y - 196. What are the prime factors of d?
2, 5
Let h = -112 + 131. Suppose -27*w - 72 = -h*w. What are the prime factors of 26*(-1 - w/6) - 4?
3
Suppose -2*r = -2*a - 182845 + 57519, 3*r + 3*a - 188001 = 0. List the prime factors of r.
5, 83, 151
List the prime factors of 145059084/12068 + -1 + (-6)/(-7).
2, 5, 601
What are the prime factors of 48137/2 - (12/24 + 0)?
2, 11, 547
Let y = 47869 + -42547. What are the prime factors of y?
2, 3, 887
Suppose -130 = -n + 2*q, -n + 160 = 48*q - 44*q. Suppose 137*k = n*k - 3216. List the prime factors of k.
2, 67
Suppose 3*u + c = 66684, -3*u - 10*c + 66660 = -5*c. What are the prime factors of u?
2, 3, 5, 13, 19
Let c = 26399 + -9818. What are the prime factors of c?
3, 5527
Suppose -5*a - w = 150, -4*a - 10*w = -9*w + 120. List the prime factors of 2792/5 + a/75.
2, 3, 31
Suppose 13*p + 41539 = 168393. List the prime factors of p.
2, 7, 17, 41
Let x(d) = -d**3 - 6*d**2 + 9*d + 11. Let i be x(-6). Let m = 45 + i. List the prime factors of (1 - m) + (-8 - -141).
2, 3, 11
Let r = -380 - -1081. Suppose -11*o = -3776 - r. What are the prime factors of o?
11, 37
Suppose 1924 = 27*i - 14*i. Suppose r + 2*o - i = 0, o = -3*r + 604 - 165. List the prime factors of r.
2, 73
Let x(p) = -9*p - 8. Let s(k) = 3*k + 19. Let h be s(-5). Let a be 6/h*(-40)/12. What are the prime factors of x(a)?
37
Let f = -4 - -7. Suppose 130 = f*i - 1436. What are the prime factors of i?
2, 3, 29
Let v(s) = -15*s - 57. Let j be v(-4). Suppose -3*h + 1145 = j*z - 4*z, 5*h + 3*z = 1899. What are the prime factors of h?
3, 127
Let r = -210 + 112. Let u = 224 - r. List the prime factors of u.
2, 7, 23
Let q = 63 + -54. Let z = q - 12. What are the prime factors of 1 + z*(-1 - 0)?
2
Suppose -3*n - 13 = 2*u, -u - 5*n - 20 = 4*u. Let h be (3 - (2 - 0))*(u + 48). Suppose h*y - 50*y + 86 = 0. List the prime factors of y.
2, 43
Let f be 59 + (0 - (0 - 4)). Let l = 65 + f. List the prime factors of l.
2
Let l = -133 - -217. Suppose 0 = 2*t - 350 + l. Suppose x + t = 5*w, 112 = 5*w - 3*x - 17. List the prime factors of w.
3
Suppose -10*b - 975 = -335. Let h = 92 + b. Suppose 11*x = 12*x - h. What are the prime factors of x?
2, 7
Suppose 13 = 5*n - 3*u + 6*u, 4*u = 5*n - 41. Suppose -4*k + n*l + 487 = 2*l, 6 = 2*l. What are the prime factors of k?
2, 31
Let q be (-2)/(-2 + 0)*0 - -2. Suppose q*z = -s + 206 - 1396, 3*z = -3*s - 3579. List the prime factors of s/(-36) - 6/27.
3, 11
Suppose 1290*s - 1308*s = -196380. List the prime factors of s.
2, 5, 1091
Let x be (32/112)/(4/3598). Let v = x + 356. List the prime factors of v.
613
Let v = 233 + -250. Let j(l) = l**2 + 10*l + 81. List the prime factors of j(v).
2, 5
Suppose p + 1168 = u, 0 = 5*p - 4*u + 1655 + 4190. Let o = -345 - p. What are the prime factors of o?
2, 3, 23
Suppose h - 3*h = 232. Let u = 1972 + -1966. What are the prime factors of ((-24)/2)/(1/(h/u))?
2, 29
Suppose 2*o = -y + 25026, -25032 = 162*o - 164*o + 2*y. What are the prime factors of o?
2, 6257
Suppose -2*p + 1700 = 3*p. Suppose 1028 = -64*i + 68. List the prime factors of p/15 - 5/i.
23
Let m be (8 + (-6380)/(-33))/((-4)/6). Let k = -19 - m. List the prime factors of k.
283
Suppose -z - 241 = 2*v - 0*v, -5*v + 234 = -z. Let o = 244 + z. What are the prime factors of o?
5
Let b = 24649 + 4428. What are the prime factors of b?
29077
Suppose -31337 - 9883 = -6*c. List the prime factors of c.
2, 3, 5, 229
Let s(v) = v**2 + 10*v + 11. Suppose 11*z - 196 = 7*z. Suppose -6*w - 133 = -z. What are the prime factors of s(w)?
67
Suppose 0 = 2*u + 4*c - 69633 + 8937, 60698 = 2*u + 3*c. What are the prime factors of u?
2, 7, 271
Suppose 0 = -13*y + 318 + 124. What are the prime factors of 0 + (1 + -17)/(y/(-289))?
2, 17
Let p = 8 - 142. Let y = -108 - p. List the prime factors of y.
2, 13
Suppose -2*c = -c - 3, -2*o - 4*c = -22. Suppose 3*t = 4*z + 3476, -4*z - 5790 = -o*t + z. What are the prime factors of t?
2, 17
Let i = 345 - 342. Suppose i*c = 4*s - 1685, 11 - 9 = 2*c. List the prime factors of s.
2, 211
Suppose -112*b + 203154 = -759510 - 994424. What are the prime factors of b?
2, 8737
Let t = -13688 - -19945. What are the prime factors of t?
6257
Suppose 5*l = c + 3620 + 1555, -5*c = -4*l + 4161. Let n = -662 + l. What are the prime factors of n?
2, 3, 31
Suppose 0 = -158*w - 154*w + 334*w - 26136. What are the prime factors of w?
2, 3, 11
What are the prime factors of (-2896 - (-3 - -2))*1*234/(-30)?
3, 13, 193
Let f be 4*(-4 - -528) - 0. Suppose -7*o = -9726 + f. List the prime factors of o.
2, 5, 109
Suppose -5526 = -10*p + 11434. List the prime factors of p.
2, 53
Let h(u) = -2*u**2 - 6*u + 1. Let b be h(-2). Suppose 0 = -b*c + 139 + 371. Suppose 11 - c = -i. List the prime factors of i.
7, 13
Suppose 2*a - 3*k + 17 = 2, 3*a = -5*k + 25. Suppose 3*w = -b - 4*b + 186, -2*w + 3*b + 124 = 0. Suppose a = -2*z + 378 - w. List the prime factors of z.
2, 79
Suppose -53319 - 38143 = -14*x. What are the prime factors of x?
47, 139
Let g(d) be the third derivative of -227*d**4/24 + 10*d**3/3 + 2*d**2. What are the prime factors of g(-3)?
701
Let u(s) = 490*s - 1023. What are the prime factors of u(9)?
3, 1129
Let f = 40 - -32. Suppose -2*m + 10 = -f. What are the prime factors of -1*(1 - 0) + m?
2, 5
Let s(o) = -2*o - 8. Let h be s(-6). Let g(u) = h*u**2 + 4 + 14*u + 11*u + 7*u**3 - 31*u. What are the prime factors of g(2)?
2
Let b(q) = q**3 + 13*q**2 + 14*q + 27. L